v and i.
12
Let r(w) = 3 - 2*w - 1 - 4 + 3 + 9*w**2. Let u be r(2). Calculate the greatest common factor of u and 22.
11
Let h(v) = 3*v - 3. Let i be h(2). Let k be (i/(-6))/((-2)/44). Let z be (0 - 6)*11/(-2). What is the greatest common divisor of k and z?
11
Let a be (-22)/77 + 103/(-7). Let f be ((-6)/a)/(1/5). Let g be 16/10 + 6/15. Calculate the greatest common factor of g and f.
2
Let c be 22/6 - (-6)/18. What is the greatest common factor of 3 and c?
1
Suppose -4*m - 5 = -u, 4*u - 5*m = 5*u - 14. Calculate the greatest common factor of 9 and u.
9
Let w = 18 + -13. Suppose -3*f = -w*f + 50. What is the greatest common factor of 5 and f?
5
Let x = 188 + -116. Suppose -3*r = -4*r + 18. What is the highest common factor of r and x?
18
Suppose 70 + 18 = 4*c. Suppose 9 = -5*l + 174. Calculate the greatest common divisor of c and l.
11
Suppose 5*c + 4 - 19 = 0. Let q = 39 - c. What is the highest common factor of q and 12?
12
Let b = -132 + 162. Calculate the greatest common factor of 10 and b.
10
Let c = -22 - -97. Suppose 2*w - c = -15. Calculate the greatest common factor of 30 and w.
30
Let j = 38 - -32. Suppose 5*h + 4*g - 27 = 0, 4*h + 3*g - 2*g = 26. Calculate the greatest common factor of j and h.
7
Let p(c) = -c**2. Let u be p(-4). Let a = u - 4. Let y = 83 + a. What is the highest common divisor of 7 and y?
7
Let h be 2/10 - 1301/5. Let y = h - -440. What is the greatest common factor of 20 and y?
20
Let a = 43 - 24. Let x(c) = -2*c**3 - 4*c**2 + 6*c - 2. Let q be x(-4). Calculate the greatest common factor of q and a.
19
Let q(x) be the second derivative of -x**4/12 + 4*x**3/3 - x. Let s be q(4). Calculate the greatest common divisor of s and 48.
16
Suppose -7*u - 122 = -360. What is the highest common factor of u and 68?
34
Let x = 3 + -6. Let l be -1 + (30 - x) + 1. What is the highest common factor of l and 22?
11
Let b(w) = w**2 - 5*w + 6. Let i be b(4). Suppose -4*z = -i*z - 24. Calculate the greatest common factor of 18 and z.
6
Let n be 1/5 - 96/(-20). Suppose -n*d + 4 = -4*d + 2*x, 5*d = -2*x + 12. Calculate the highest common factor of d and 8.
2
Let v = 3 - 3. Suppose k = 5*f + 59, -2*k + v*k - f + 85 = 0. Let c be (-8)/k - (-70)/22. Calculate the highest common factor of 2 and c.
1
Let p = 37 + -19. Calculate the highest common divisor of 18 and p.
18
Let r(c) = 8*c + 5. Let t be r(5). Let a = 37 + -26. Let l = a - 6. What is the highest common divisor of t and l?
5
Let n(h) = -4*h + 88. Let b be n(-30). What is the highest common divisor of 16 and b?
16
Let u be -1*(1 - 2)*3. Suppose 0 = 2*w + 3*k - 205 - 96, u*w - 4*k - 409 = 0. What is the highest common divisor of 13 and w?
13
Let h(w) be the third derivative of 14*w**5/15 - w**4/24 - w**3/3 - 2*w**2. Let v be h(2). What is the greatest common divisor of v and 22?
22
Suppose 3*o - 3*w - 28 = -2*o, 5 = -5*w. What is the highest common divisor of o and 80?
5
Let m be (-10)/(-1 + (-8)/(-10)). Suppose -b - m = -6*b. Let a = -6 + b. What is the highest common factor of a and 28?
4
Let x = 3 - 60. Let o = x - -83. What is the greatest common divisor of 39 and o?
13
Let p = -7 - -11. Suppose -h = 4*b - 10, p*h - 3*b + 0*b - 116 = 0. What is the greatest common divisor of h and 39?
13
Let o(u) be the second derivative of u**4/6 + u**3/6 + u**2 + 6*u. Let z be o(6). What is the greatest common factor of 16 and z?
16
Let u be 12/(-3) + 2 + 26. Calculate the highest common factor of u and 8.
8
Let b = 31 + 140. Calculate the greatest common divisor of 19 and b.
19
Let v(d) = 2*d**2 - 3*d + 2. Suppose 18 = 3*f - 0*f. Let a be v(f). What is the highest common factor of a and 7?
7
Let n(j) = j**2 - 8*j + 12. Let s be n(8). Let a = -23 + 31. Calculate the highest common factor of a and s.
4
Suppose -14 = -2*r + 34. Suppose 0 = -5*f - t + 194, 4*f + 2*t = 5 + 155. Suppose f + 2 = 5*s. What is the greatest common factor of s and r?
8
Let b(p) = -3*p - 16. Let m be b(-11). Calculate the greatest common factor of 136 and m.
17
Let k = 131 - 117. What is the highest common factor of 238 and k?
14
Let a be (1*24)/(((-45)/(-6))/5). Calculate the greatest common factor of a and 2.
2
Let m be (-202)/(-12) - (-7)/42. Calculate the greatest common factor of 34 and m.
17
Suppose -2*x + r - 3*r + 22 = 0, -5*x - 4*r + 56 = 0. Let g(f) = 8*f**3 + f**2 - 2*f + 1. Let m be g(1). What is the highest common factor of m and x?
4
Suppose -5*x - 27 = 3*r - 79, 3*r - 5*x = 32. Calculate the greatest common factor of 126 and r.
14
Let x(i) = 40*i**2 + i + 2. Let v be x(-2). Let m be 2/8 - 79/(-4). What is the highest common divisor of v and m?
20
Suppose 4 = o + 2, -5*o = -3*z - 4. Suppose -z*h + h + 4 = 0. Suppose -h*p + v + 13 = 0, p + 7*v - 4*v = -13. Calculate the highest common divisor of p and 10.
2
Suppose 3*a = 8*a - 280. Suppose -3*y + 5*y - 11 = -5*o, 33 = 4*y - o. What is the highest common divisor of a and y?
8
Suppose 34 = 4*n + 6. Calculate the greatest common divisor of 14 and n.
7
Let m(v) = -2*v**3 - 3*v**2 - 3*v. Let d be m(-2). Suppose -n = 2 - 0. Let t = 4 + n. Calculate the greatest common divisor of d and t.
2
Let n(o) = o**2. Let w be n(4). Let d(x) = -81*x - 2. Let h be d(-2). Let y = h - 80. What is the highest common factor of y and w?
16
Let w be (0 - 0) + (-17 - -21). Calculate the highest common factor of 2 and w.
2
Let i = 6 + -16. Let y = -6 - i. What is the highest common factor of 20 and y?
4
Suppose 0*x + 240 = 2*x. Calculate the highest common divisor of x and 15.
15
Suppose 4*u = 2*d + 20, 5*d - 3 + 39 = -4*u. Let w = 22 + d. What is the highest common factor of 35 and w?
7
Let l be 91/21 - 1/3. Suppose l*h - 57 = -y, -2*y - 3*y - 65 = -5*h. What is the highest common divisor of 14 and h?
14
Suppose x = -4*x + 35. Suppose -17*t = -10*t - 441. What is the highest common factor of x and t?
7
Let z(q) = q**3 + 9*q**2 + q + 6. Let r be z(-9). Let y be (27/6 - r)*2. What is the highest common divisor of 15 and y?
15
Let c be -1 + -2 + 30 - -2. Suppose -q = -4*x + 9, -6*x + 5*q = -2*x - c. Let j = x + 2. Calculate the greatest common divisor of 15 and j.
3
Let i = 2 - 2. Suppose i = j - 5*j + 180. What is the highest common divisor of j and 15?
15
Suppose 0 = -3*d - 4*z + 74, d = 2*d + 2*z - 28. Calculate the greatest common divisor of d and 144.
18
Let a = -6 + 13. Suppose 2*v - a = 3*j, -4*v + 54 = j + j. Calculate the highest common divisor of 33 and v.
11
Suppose 0 = 3*d + 2*m - 848, 3*d - 2*m = -588 + 1420. Suppose -d = -5*i - 2*y, y - 168 = -2*i - i. What is the highest common divisor of 14 and i?
14
Let s be ((-9)/12)/((-4)/336). Suppose 5*w - 45 = -5*u, 3*w - 4*w = -3*u - 1. What is the greatest common factor of w and s?
7
Let y(d) = -d**2 - 6*d - 2. Let j be y(-5). Let s be 54 + (-1 - 0) + j. What is the greatest common factor of s and 14?
14
Suppose 10*g - 242 - 528 = 0. Calculate the greatest common factor of 22 and g.
11
Let c = 11 + -4. Calculate the greatest common factor of c and 7.
7
Suppose 3*i = -5*m + 46, -6*i + i = -2*m + 6. Let u(b) = b**3 - 8*b**2 + 4*b - 8. Let x be u(8). Calculate the highest common divisor of m and x.
8
Suppose 3*f + 9 = 0, 2*a + 2*f - 5*f = 73. Let m = -19 + 27. Calculate the greatest common factor of m and a.
8
Let t = 22 - -35. Let s(j) = -j**3 - 12*j**2 - j + 26. Let z be s(-12). Calculate the greatest common divisor of t and z.
19
Let m = -178 - -189. Calculate the greatest common factor of m and 22.
11
Let p = -11 - -16. Suppose p*x - 836 = x. Calculate the highest common divisor of x and 19.
19
Let k be 2/(-8) + (-543)/(-12). Suppose 31 = 12*h - 29. What is the highest common divisor of k and h?
5
Let l = 71 - -28. Calculate the greatest common divisor of l and 33.
33
Let w(y) = -3*y**2 + 2*y**2 + 2*y**2 - 7 - 4*y. Let n be w(7). Let t = 56 - 21. What is the greatest common factor of t and n?
7
Suppose 0 = 5*k + 42 - 102. Calculate the greatest common factor of k and 8.
4
Suppose 4 = k + 1. Calculate the highest common divisor of k and 21.
3
Let c be 2/9 + 4/(-18). Suppose 4*b - 88 = -c*b. Calculate the greatest common factor of 2 and b.
2
Suppose w - 3*c = 49, -4*c = -4*w - 0*c + 196. Calculate the greatest common divisor of w and 196.
49
Suppose 25*x - 48 = 23*x. What is the highest common factor of x and 264?
24
Let r b